Let k be 2/(-3) - (-133)/(-21). Let c = 13 + k. What are the prime factors of c?
2, 3
Let y(i) = i + 4. Suppose 0 = -5*x - 16 - 4. Let q be y(x). Suppose -4*o + 20 + 8 = q. List the prime factors of o.
7
Suppose -2*h - 2*a + 1886 = 3*h, -h = 3*a - 372. List the prime factors of h.
2, 3, 7
Suppose 0 = -3*t + 2*t + 4. List the prime factors of (t/6)/(10/555).
37
Let u = 7 - 5. Let z be (-4 - -4)*(-1)/u. Let b(n) = -n**3 + n**2 - n + 2. What are the prime factors of b(z)?
2
Let x = 60 - 25. What are the prime factors of x?
5, 7
Suppose 32 = t + 2*y, -4*y + 149 = 4*t + 41. Suppose -t = -m - 4*b, -4*b + 0*b = -4. What are the prime factors of (m/6)/((-6)/(-8))?
2
List the prime factors of 188/6 - 10/(-15).
2
Let k be ((-2)/(-3))/((-3)/(-18)). Suppose 3*c = k*c - 12. What are the prime factors of c?
2, 3
Let y = 163 - -2. List the prime factors of y.
3, 5, 11
Let i(h) be the first derivative of h**4/2 + 4*h**3/3 + 2*h**2 + 3*h + 3. Let j be i(-2). Let w(o) = -o**2 - 7*o - 3. List the prime factors of w(j).
7
Suppose -2*j + 5*i - i = -176, 0 = 5*j + i - 495. What are the prime factors of j?
2, 7
Suppose -b - 2*a + 31 = 2*b, -4*a + 55 = 5*b. Let s(c) = 5*c - 5. Let r be s(3). Let n = r - b. What are the prime factors of n?
3
Suppose 325 = 2*j + 3*j. Suppose 3*f = -3*v + 1 + j, -4*v + 98 = -f. List the prime factors of v.
2, 3
Let y(i) = i**3 + 10*i**2 + 3. Let u be y(-10). Let t = u - 0. What are the prime factors of t?
3
Suppose -5*f + 15 = -0. Let x = -1 + f. What are the prime factors of x?
2
Let c(y) be the first derivative of -7*y**4/2 - y**3/3 - y**2/2 - y - 2. What are the prime factors of c(-1)?
13
What are the prime factors of (-3 - 32)*-1 - 0?
5, 7
What are the prime factors of 12*32/12 - -2?
2, 17
List the prime factors of 8018/285 - 4/30.
2, 7
Suppose -3*f = 12, -4*f + 5*f = 3*j - 73. Let t = 35 - j. What are the prime factors of t?
2, 3
Suppose 3*z - 4 = -3*j - 10, -4*j - 2*z - 12 = 0. List the prime factors of 46 + j*9/(-12).
7
Let p be -2*6 + 6 + -3. Let a(k) = -k - 1. What are the prime factors of a(p)?
2
Let y be (-8)/(-20) - (-24)/(-10). Let d be (1/(-2))/(y/8). Suppose g + 2*o + d = 0, 0*g = 3*g + 4*o - 4. List the prime factors of g.
2
Suppose 0*z + 136 = 4*i - 2*z, 4*z - 148 = -4*i. List the prime factors of i.
5, 7
What are the prime factors of (3 + -1)/(278/69 - 4)?
3, 23
Let t be (-2)/(-6) + (-4)/3. List the prime factors of t + 4 - (-4 - 2).
3
Let r = 504 - 341. What are the prime factors of r?
163
Let p = 615 + -417. What are the prime factors of p?
2, 3, 11
Let g(n) = -n**2 - 13*n - 9. List the prime factors of g(-10).
3, 7
Let u = 62 - 87. Let o(n) = -36*n**2 - n - 1. Let x be o(-1). Let d = u - x. List the prime factors of d.
11
Let p(a) = -a + 2. Let k be p(5). Let c(z) = z**3 + 5*z**2 + z - 3. What are the prime factors of c(k)?
2, 3
Let i(z) = 3*z**2 + z - 1. Let q be i(1). Suppose -q*j = -6*j - 18. Let u = -2 - j. What are the prime factors of u?
2
Let m(t) = 5*t**2 - 6 - 2*t + 2*t**3 - 5*t - t**3. Let k be m(-6). Suppose p + x = -k*x, -9 = 3*x. List the prime factors of p.
3
Let c = 65 + -39. What are the prime factors of c?
2, 13
Let w(n) = -5*n - 15. What are the prime factors of w(-11)?
2, 5
Suppose 2*n + c + 2 = 3, -1 = 4*n + 3*c. Suppose n*l - 4 = -r + 3*l, l + 4 = 2*r. Suppose r = 2*y + 3*f - 16, 4 + 12 = 2*y - f. What are the prime factors of y?
2
Let s be 0 - (6/2 + -5). List the prime factors of 7 + (s/(-1))/2.
2, 3
Let z(u) = u**3 + 12*u**2 + u + 13. List the prime factors of z(-11).
3, 41
Suppose 0 = w + 2*p - 0*p + 7, 0 = -2*w + 4*p - 22. What are the prime factors of (-93)/w + 2/3?
11
Let s(v) = -v**3 + 12*v**2 + 6*v - 19. List the prime factors of s(12).
53
List the prime factors of 4/6*(-2)/(8/(-618)).
103
Let m(l) = -l**2 - 7*l + 3. Let w be m(-6). Suppose 4*n = 33 - w. List the prime factors of n.
2, 3
Let z(s) = -s**3 + s + 2. Let m(n) = n + 1. Let k(u) = 3*m(u) - 2*z(u). Let w be ((-10)/4)/(-5)*2. What are the prime factors of k(w)?
2
Let j(q) = q + 8. Let t be j(-8). Suppose 3*n + 0*n - 48 = t. Suppose -3*m + c + 6 = -m, c = 4*m - n. What are the prime factors of m?
5
Let x(a) = a**2 + 3*a. What are the prime factors of x(-5)?
2, 5
Let t(f) = -2*f**3 - 2*f**2 + 5*f + 4. List the prime factors of t(-3).
5
Let b = -5 - -3. List the prime factors of 0 + 2 + b - -14.
2, 7
Suppose b = 4*b - 3. List the prime factors of b + 0 - 13*-1.
2, 7
Let i(k) = -k**2 + 9*k - 3. Let u be i(8). Suppose m - 44 = u*c + 11, 0 = m - 2*c - 55. What are the prime factors of m?
5, 11
Suppose 2 = 2*z - 2. Suppose -2*r = u - 48, z*r - r + 2*u - 18 = 0. List the prime factors of r.
2, 13
Suppose a + 12 = 2*m - 3, 0 = -2*m + 4*a + 30. Suppose 60 + 5 = -m*d. Let q = 25 + d. List the prime factors of q.
2, 3
Suppose 4*m - 22 = 2*l, m = -0*m + 5*l + 1. Suppose -2*h = -50 - m. List the prime factors of h.
2, 7
Let m(a) = 8*a**2 + 3*a + 4. Let l = -2 - 0. What are the prime factors of m(l)?
2, 3, 5
Let p = -8 - -12. List the prime factors of p.
2
Let l = -2 - -11. What are the prime factors of l?
3
Let v be (-1 - (-3)/6)*-40. Let b = -3 + v. List the prime factors of b.
17
Suppose -5*o + 122 = 3*j, j - 1 = o + 29. List the prime factors of j.
2, 17
Suppose 0*b = -2*b + 8. Let d = b - 3. Suppose k + 3*g - 14 = 0, -2*g = -3*g + d. List the prime factors of k.
11
Suppose 1 = 2*t + 5*i + 17, 0 = -2*i - 4. Let z = 8 + t. List the prime factors of z.
5
Suppose 0 = 2*v - 1 - 5. Let u be 4/16 + (-55)/(-4). Suppose 5*y - v*i = -2, y - i + u = 3*i. List the prime factors of y.
2
What are the prime factors of -1 + 12/4 - -28?
2, 3, 5
Suppose -81 = 5*z - 21. List the prime factors of (-23 - 1)*z/16.
2, 3
Let u be 4*(10/(-8) + 0). Let x be (-56)/(-20) - 1/u. What are the prime factors of 1 - x/((-3)/10)?
11
Let b(h) = 4*h**2 + 5*h + 10. What are the prime factors of b(-9)?
17
Suppose -t - 6 = -2*t. Let l = -7 + 1. List the prime factors of (l/(-5))/(t/80).
2
Let v = -23 - -38. Let t = v + -7. List the prime factors of (10/4)/(4/t).
5
Suppose -x - 4 = -0*x. Let w = 6 + x. List the prime factors of w.
2
Let a = 1 - -2. Suppose -2*p - a*k = -14, -4*p = -2*k - 5 - 55. What are the prime factors of p?
13
Let z = 282 - 119. What are the prime factors of z?
163
Suppose o - 62 = 2*k, 5*o - 284 = o - 4*k. What are the prime factors of o?
2, 17
Let f(u) = -2*u**2 + 5*u - 3. Let s be f(3). Let d = s + 12. Suppose -2*c + d = -5*x, 21 = 5*c + x + 6. List the prime factors of c.
3
Suppose 4*d + 167 = 5*d. Suppose -43 - d = -3*p. Suppose -z - p = -6*z. List the prime factors of z.
2, 7
What are the prime factors of 122/(-3)*(0 - 3)?
2, 61
Let s(m) = 2*m - 1. Let p be s(3). Let t(x) = x**2 - x + 1. What are the prime factors of t(p)?
3, 7
Suppose 0 = 2*b - 7*b + 10. Let a(v) = v - 3 - b + 3 + 3*v. What are the prime factors of a(4)?
2, 7
What are the prime factors of 0*(-2 + 3) + 36?
2, 3
What are the prime factors of (-181)/(-4) + (-21)/(-28)?
2, 23
Suppose 5 = -2*o + 33. What are the prime factors of o?
2, 7
Let j be (-145)/(-45) - (-2)/(-9). List the prime factors of -1 + (54/j - -1).
2, 3
Suppose 0*b = 2*b + 5*p - 30, 10 = b + 5*p. Suppose -8*c = -4*c - b. Suppose 9 = -k - c*m - 5, 0 = 2*k + 5*m + 8. What are the prime factors of k?
2, 3
Let p(h) = h**3 - 7*h**2 + 5*h - 1. Let l be p(6). Let n = -2 - l. List the prime factors of n*((-24)/(-15) - 0).
2
Suppose 2*n + 5*c - 3 = -18, -n - 15 = 4*c. Let p(m) = m + 3. What are the prime factors of p(n)?
2
Let t(y) = 78*y**2. List the prime factors of t(-1).
2, 3, 13
Let q(d) = 29*d - 1. Let h be q(1). Suppose 0 = 2*k - 6*k + h. List the prime factors of k.
7
Suppose 15*c - 13*c = -2. Let x(u) = -39*u. List the prime factors of x(c).
3, 13
Let z(f) = -3*f + 1. Let m(o) = o**2 + o. Let u(g) = 2*m(g) - z(g). Let r(s) = -2*s + 6. Let q be r(5). What are the prime factors of u(q)?
11
Suppose -4*z = 4*q + 48, -2*q - 30 = -0*q + 4*z. Let c = 21 - q. Suppose 2*p = 5*p - c. List the prime factors of p.
2, 5
Let h(q) = q**3 + 5*q**2 + 3*q + 4. Suppose -m + 3*x = -2*m - 7, -4*x - 24 = 5*m. List the prime factors of h(m).
2
Let m = 272 + -174. List the prime factors of m.
2, 7
Let o(l) = l**3 - 13*l**2 + 14*l + 5. What are the prime factors of o(12)?
29
Let v = 6 - -17. Let a = v + -11. What are the prime factors of a?
